{"id":81,"date":"2020-07-16T14:45:41","date_gmt":"2020-07-16T17:45:41","guid":{"rendered":"http:\/\/vovosalense.org.br\/?page_id=81"},"modified":"2022-08-30T15:48:19","modified_gmt":"2022-08-30T18:48:19","slug":"portal-da-transparencia","status":"publish","type":"page","link":"https:\/\/vovosalense.org.br\/?page_id=81","title":{"rendered":"Portal da Transpar\u00eancia"},"content":{"rendered":"<div class=\"container-apj\">\n<div class=\"wp-block-file\"><\/div>\n<div class=\"wp-block-file\"><\/div>\n<p>Casa do Vov\u00f4 Salense - 2019<\/p>\n<div class=\"wp-block-file\"><a href=\"https:\/\/vovosalense.org.br\/wp-content\/uploads\/2020\/07\/Plano-Trabalho-Estadual-e-Federal.pdf\">Plano-Trabalho-Estadual-e-Federal<\/a><a class=\"wp-block-file__button\" href=\"https:\/\/vovosalense.org.br\/wp-content\/uploads\/2020\/07\/Plano-Trabalho-Estadual-e-Federal.pdf\" download=\"\">Baixar<\/a><\/div>\n<div class=\"wp-block-file\"><a href=\"http:\/\/vovosalense.org.br\/wp-content\/uploads\/2020\/07\/TERMO-DE-COLABORA\u00c7\u00c3O-MUCIPAL.pdf\">TERMO-DE-COLABORA\u00c7\u00c3O-MUNICIPAL<\/a><a class=\"wp-block-file__button\" href=\"http:\/\/vovosalense.org.br\/wp-content\/uploads\/2020\/07\/TERMO-DE-COLABORA\u00c7\u00c3O-MUCIPAL.pdf\" download=\"\">Baixar<\/a><\/div>\n<p class=\"wp-block-file\">Estatuto Social<\/p>\n<p class=\"wp-block-file\"><a href=\"http:\/\/vovosalense.org.br\/wp-content\/uploads\/2020\/07\/Estatuto-Social_30052017-2.pdf\">Estatuto-Social<\/a><a class=\"wp-block-file__button\" href=\"http:\/\/vovosalense.org.br\/wp-content\/uploads\/2020\/07\/Estatuto-Social_30052017-2.pdf\" download=\"\">Baixar<\/a><\/p>\n<p class=\"wp-block-file\">Plano de Trabalho<\/p>\n<p class=\"wp-block-file\"><a href=\"http:\/\/vovosalense.org.br\/wp-content\/uploads\/2020\/07\/Plano-de-Trabalho-4.pdf\">Plano-de-Trabalho-4<\/a><a class=\"wp-block-file__button\" href=\"http:\/\/vovosalense.org.br\/wp-content\/uploads\/2020\/07\/Plano-de-Trabalho-4.pdf\" download=\"\">Baixar<\/a><\/p>\n<p class=\"wp-block-file\"><a href=\"http:\/\/vovosalense.org.br\/wp-content\/uploads\/2020\/07\/Plano-Trabalho-Municipal.pdf\">Plano-Trabalho-Municipal<\/a><a class=\"wp-block-file__button\" href=\"http:\/\/vovosalense.org.br\/wp-content\/uploads\/2020\/07\/Plano-Trabalho-Municipal.pdf\" download=\"\">Baixar<\/a><\/p>\n<p class=\"wp-block-file\"><a href=\"http:\/\/vovosalense.org.br\/wp-content\/uploads\/2020\/07\/Plano-Trabalho-Estadual-e-Federal.pdf\">Plano-Trabalho-Estadual-e-Federal<\/a><a class=\"wp-block-file__button\" href=\"http:\/\/vovosalense.org.br\/wp-content\/uploads\/2020\/07\/Plano-Trabalho-Estadual-e-Federal.pdf\" download=\"\">Baixar<\/a><\/p>\n<p class=\"wp-block-file\">Projeto Aquisi\u00e7\u00e3o<\/p>\n<p class=\"wp-block-file\"><a href=\"http:\/\/vovosalense.org.br\/wp-content\/uploads\/2020\/07\/Projeto-Aquisicao-EPIs-1.pdf\">Projeto-Aquisicao-EPIs-1<\/a><a class=\"wp-block-file__button\" href=\"http:\/\/vovosalense.org.br\/wp-content\/uploads\/2020\/07\/Projeto-Aquisicao-EPIs-1.pdf\" download=\"\">Baixar<\/a><\/p>\n<\/div>\n<p>Casa do Vov\u00f4 Salense - 2018<\/p>\n<div class=\"wp-block-file\"><a href=\"http:\/\/vovosalense.org.br\/wp-content\/uploads\/2020\/07\/PLANO-DE-TRABALHO-ESTADUAL-E-FEDERAL.pdf\">PLANO-DE-TRABALHO-ESTADUAL-E-FEDERAL<\/a><a class=\"wp-block-file__button\" href=\"http:\/\/vovosalense.org.br\/wp-content\/uploads\/2020\/07\/PLANO-DE-TRABALHO-ESTADUAL-E-FEDERAL.pdf\" download=\"\">Baixar<\/a><\/div>\n<div class=\"wp-block-file\"><a href=\"http:\/\/vovosalense.org.br\/wp-content\/uploads\/2020\/07\/PLANO-DE-TRABALHO-MUNICIPAL-2.pdf\">PLANO-DE-TRABALHO-MUNICIPAL-2<\/a><a class=\"wp-block-file__button\" href=\"http:\/\/vovosalense.org.br\/wp-content\/uploads\/2020\/07\/PLANO-DE-TRABALHO-MUNICIPAL-2.pdf\" download=\"\">Baixar<\/a><\/div>\n<div class=\"wp-block-file\"><a href=\"http:\/\/vovosalense.org.br\/wp-content\/uploads\/2020\/07\/TERMO-DE-COLABORA\u00c7\u00c3O-ESTADUAL-E-FEDERAL.pdf\">TERMO-DE-COLABORA\u00c7\u00c3O-ESTADUAL-E-FEDERAL<\/a><a class=\"wp-block-file__button\" href=\"http:\/\/vovosalense.org.br\/wp-content\/uploads\/2020\/07\/TERMO-DE-COLABORA\u00c7\u00c3O-ESTADUAL-E-FEDERAL.pdf\" download=\"\">Baixar<\/a><\/div>\n<div class=\"wp-block-file\"><a href=\"http:\/\/vovosalense.org.br\/wp-content\/uploads\/2020\/07\/TERMO-DE-COLABORA\u00c7\u00c3O-MUCIPAL.pdf\">TERMO-DE-COLABORA\u00c7\u00c3O-MUNICIPAL<\/a><a class=\"wp-block-file__button\" href=\"http:\/\/vovosalense.org.br\/wp-content\/uploads\/2020\/07\/TERMO-DE-COLABORA\u00c7\u00c3O-MUCIPAL.pdf\" download=\"\">Baixar<\/a><\/div>\n<div class=\"container-apj\">\n<p>Casa do Vov\u00f4 Salense - 2017<\/p>\n<div class=\"wp-block-file\"><a href=\"http:\/\/vovosalense.org.br\/wp-content\/uploads\/2020\/07\/1\u00b0-ADITIVO-CASA-DO-VOV\u00d4_2017.pdf\">1\u00b0-ADITIVO-CASA-DO-VOV\u00d4_2017<\/a><a class=\"wp-block-file__button\" href=\"http:\/\/vovosalense.org.br\/wp-content\/uploads\/2020\/07\/1\u00b0-ADITIVO-CASA-DO-VOV\u00d4_2017.pdf\" download=\"\">Baixar<\/a><\/div>\n<div class=\"wp-block-file\"><a href=\"http:\/\/vovosalense.org.br\/wp-content\/uploads\/2020\/07\/INEXIGIBILIDADE_ESTADUAL.pdf\">INEXIGIBILIDADE_ESTADUAL<\/a><a class=\"wp-block-file__button\" href=\"http:\/\/vovosalense.org.br\/wp-content\/uploads\/2020\/07\/INEXIGIBILIDADE_ESTADUAL.pdf\" download=\"\">Baixar<\/a><\/div>\n<div class=\"wp-block-file\"><a href=\"http:\/\/vovosalense.org.br\/wp-content\/uploads\/2020\/07\/INEXIGIBILIDADE_MUNICIPIO.pdf\">INEXIGIBILIDADE_MUNICIPIO<\/a><a class=\"wp-block-file__button\" href=\"http:\/\/vovosalense.org.br\/wp-content\/uploads\/2020\/07\/INEXIGIBILIDADE_MUNICIPIO.pdf\" download=\"\">Baixar<\/a><\/div>\n<div class=\"wp-block-file\"><a href=\"http:\/\/vovosalense.org.br\/wp-content\/uploads\/2020\/07\/PALO-DE-TRABALHO_JANEIRO_2017-1.pdf\">PALO-DE-TRABALHO_JANEIRO_2017-1<\/a><a class=\"wp-block-file__button\" href=\"http:\/\/vovosalense.org.br\/wp-content\/uploads\/2020\/07\/PALO-DE-TRABALHO_JANEIRO_2017-1.pdf\" download=\"\">Baixar<\/a><\/div>\n<div class=\"wp-block-file\"><a href=\"http:\/\/vovosalense.org.br\/wp-content\/uploads\/2020\/07\/PLANO-DE-TRABALHO-JULHO-DE-2017-1.pdf\">PLANO-DE-TRABALHO-JULHO-DE-2017-1<\/a><a class=\"wp-block-file__button\" href=\"http:\/\/vovosalense.org.br\/wp-content\/uploads\/2020\/07\/PLANO-DE-TRABALHO-JULHO-DE-2017-1.pdf\" download=\"\">Baixar<\/a><\/div>\n<div class=\"wp-block-file\"><a href=\"http:\/\/vovosalense.org.br\/wp-content\/uploads\/2020\/07\/TERMO-COLABORA\u00c7\u00c3O-ESTADO_2017.pdf\">TERMO-COLABORA\u00c7\u00c3O-ESTADO_2017<\/a><a class=\"wp-block-file__button\" href=\"http:\/\/vovosalense.org.br\/wp-content\/uploads\/2020\/07\/TERMO-COLABORA\u00c7\u00c3O-ESTADO_2017.pdf\" download=\"\">Baixar<\/a><\/div>\n<div class=\"wp-block-file\"><a href=\"http:\/\/vovosalense.org.br\/wp-content\/uploads\/2020\/07\/TERMO-DE-FOMENTO-CASA-DO-VOV\u00d4-SALENSE-01_2017.pdf\">TERMO-DE-FOMENTO-CASA-DO-VOV\u00d4-SALENSE-01_2017<\/a><a class=\"wp-block-file__button\" href=\"http:\/\/vovosalense.org.br\/wp-content\/uploads\/2020\/07\/TERMO-DE-FOMENTO-CASA-DO-VOV\u00d4-SALENSE-01_2017.pdf\" download=\"\">Baixar<\/a><\/div>\n<div class=\"wp-block-file\"><a href=\"http:\/\/vovosalense.org.br\/wp-content\/uploads\/2020\/07\/TERMO-DE-FOMENTO-CASA-DO-VOV\u00d4-SALENSE-02_2017.pdf\">TERMO-DE-FOMENTO-CASA-DO-VOV\u00d4-SALENSE-02_2017<\/a><a class=\"wp-block-file__button\" href=\"http:\/\/vovosalense.org.br\/wp-content\/uploads\/2020\/07\/TERMO-DE-FOMENTO-CASA-DO-VOV\u00d4-SALENSE-02_2017.pdf\" download=\"\">Baixar<\/a><\/div>\n<\/div>\n<div><\/div>\n<div>\n<div class=\"wp-block-file\"><\/div>\n<\/div>\n","protected":false},"excerpt":{"rendered":"<p>Casa do Vov\u00f4 Salense - 2019 Plano-Trabalho-Estadual-e-FederalBaixar TERMO-DE-COLABORA\u00c7\u00c3O-MUNICIPALBaixar Estatuto Social Estatuto-SocialBaixar Plano de Trabalho Plano-de-Trabalho-4Baixar Plano-Trabalho-MunicipalBaixar Plano-Trabalho-Estadual-e-FederalBaixar Projeto Aquisi\u00e7\u00e3o Projeto-Aquisicao-EPIs-1Baixar Casa do Vov\u00f4 Salense - 2018 PLANO-DE-TRABALHO-ESTADUAL-E-FEDERALBaixar PLANO-DE-TRABALHO-MUNICIPAL-2Baixar TERMO-DE-COLABORA\u00c7\u00c3O-ESTADUAL-E-FEDERALBaixar TERMO-DE-COLABORA\u00c7\u00c3O-MUNICIPALBaixar Casa do Vov\u00f4 Salense - 2017 1\u00b0-ADITIVO-CASA-DO-VOV\u00d4_2017Baixar INEXIGIBILIDADE_ESTADUALBaixar INEXIGIBILIDADE_MUNICIPIOBaixar PALO-DE-TRABALHO_JANEIRO_2017-1Baixar PLANO-DE-TRABALHO-JULHO-DE-2017-1Baixar TERMO-COLABORA\u00c7\u00c3O-ESTADO_2017Baixar TERMO-DE-FOMENTO-CASA-DO-VOV\u00d4-SALENSE-01_2017Baixar TERMO-DE-FOMENTO-CASA-DO-VOV\u00d4-SALENSE-02_2017Baixar<\/p>\n","protected":false},"author":2,"featured_media":0,"parent":9,"menu_order":0,"comment_status":"closed","ping_status":"closed","template":"","meta":{"_acf_changed":false,"footnotes":""},"class_list":["post-81","page","type-page","status-publish","hentry"],"acf":[],"yoast_head":"\n<title>Portal da Transpar\u00eancia - Casa do Vov\u00f4 Salense<\/title>\n<meta name=\"robots\" content=\"index, follow, max-snippet:-1, max-image-preview:large, max-video-preview:-1\" \/>\n<link rel=\"canonical\" href=\"https:\/\/vovosalense.org.br\/?page_id=81\" \/>\n<meta property=\"og:locale\" content=\"pt_BR\" \/>\n<meta property=\"og:type\" content=\"article\" \/>\n<meta property=\"og:title\" content=\"Portal da Transpar\u00eancia - Casa do Vov\u00f4 Salense\" \/>\n<meta property=\"og:description\" content=\"Casa do Vov\u00f4 Salense - 2019 Plano-Trabalho-Estadual-e-FederalBaixar TERMO-DE-COLABORA\u00c7\u00c3O-MUNICIPALBaixar Estatuto Social Estatuto-SocialBaixar Plano de Trabalho Plano-de-Trabalho-4Baixar Plano-Trabalho-MunicipalBaixar Plano-Trabalho-Estadual-e-FederalBaixar Projeto Aquisi\u00e7\u00e3o Projeto-Aquisicao-EPIs-1Baixar Casa do Vov\u00f4 Salense - 2018 PLANO-DE-TRABALHO-ESTADUAL-E-FEDERALBaixar PLANO-DE-TRABALHO-MUNICIPAL-2Baixar TERMO-DE-COLABORA\u00c7\u00c3O-ESTADUAL-E-FEDERALBaixar TERMO-DE-COLABORA\u00c7\u00c3O-MUNICIPALBaixar Casa do Vov\u00f4 Salense - 2017 1\u00b0-ADITIVO-CASA-DO-VOV\u00d4_2017Baixar INEXIGIBILIDADE_ESTADUALBaixar INEXIGIBILIDADE_MUNICIPIOBaixar PALO-DE-TRABALHO_JANEIRO_2017-1Baixar PLANO-DE-TRABALHO-JULHO-DE-2017-1Baixar TERMO-COLABORA\u00c7\u00c3O-ESTADO_2017Baixar TERMO-DE-FOMENTO-CASA-DO-VOV\u00d4-SALENSE-01_2017Baixar TERMO-DE-FOMENTO-CASA-DO-VOV\u00d4-SALENSE-02_2017Baixar\" \/>\n<meta property=\"og:url\" content=\"https:\/\/vovosalense.org.br\/?page_id=81\" \/>\n<meta property=\"og:site_name\" content=\"Casa do Vov\u00f4 Salense\" \/>\n<meta property=\"article:modified_time\" content=\"2022-08-30T18:48:19+00:00\" \/>\n<meta name=\"twitter:card\" content=\"summary_large_image\" \/>\n<script type=\"application\/ld+json\" class=\"yoast-schema-graph\">{\"@context\":\"https:\/\/schema.org\",\"@graph\":[{\"@type\":\"WebPage\",\"@id\":\"https:\/\/vovosalense.org.br\/?page_id=81\",\"url\":\"https:\/\/vovosalense.org.br\/?page_id=81\",\"name\":\"Portal da Transpar\u00eancia - Casa do Vov\u00f4 Salense\",\"isPartOf\":{\"@id\":\"https:\/\/vovosalense.org.br\/#website\"},\"datePublished\":\"2020-07-16T17:45:41+00:00\",\"dateModified\":\"2022-08-30T18:48:19+00:00\",\"breadcrumb\":{\"@id\":\"https:\/\/vovosalense.org.br\/?page_id=81#breadcrumb\"},\"inLanguage\":\"pt-BR\",\"potentialAction\":[{\"@type\":\"ReadAction\",\"target\":[\"https:\/\/vovosalense.org.br\/?page_id=81\"]}]},{\"@type\":\"BreadcrumbList\",\"@id\":\"https:\/\/vovosalense.org.br\/?page_id=81#breadcrumb\",\"itemListElement\":[{\"@type\":\"ListItem\",\"position\":1,\"name\":\"In\u00edcio\",\"item\":\"https:\/\/vovosalense.org.br\/\"},{\"@type\":\"ListItem\",\"position\":2,\"name\":\"Home\",\"item\":\"https:\/\/vovosalense.org.br\/\"},{\"@type\":\"ListItem\",\"position\":3,\"name\":\"Portal da Transpar\u00eancia\"}]},{\"@type\":\"WebSite\",\"@id\":\"https:\/\/vovosalense.org.br\/#website\",\"url\":\"https:\/\/vovosalense.org.br\/\",\"name\":\"Casa do Vov\u00f4 Salense\",\"description\":\"Just another WordPress site\",\"potentialAction\":[{\"@type\":\"SearchAction\",\"target\":{\"@type\":\"EntryPoint\",\"urlTemplate\":\"https:\/\/vovosalense.org.br\/?s={search_term_string}\"},\"query-input\":{\"@type\":\"PropertyValueSpecification\",\"valueRequired\":true,\"valueName\":\"search_term_string\"}}],\"inLanguage\":\"pt-BR\"}]}<\/script>\n","yoast_head_json":{"title":"Portal da Transpar\u00eancia - Casa do Vov\u00f4 Salense","robots":{"index":"index","follow":"follow","max-snippet":"max-snippet:-1","max-image-preview":"max-image-preview:large","max-video-preview":"max-video-preview:-1"},"canonical":"https:\/\/vovosalense.org.br\/?page_id=81","og_locale":"pt_BR","og_type":"article","og_title":"Portal da Transpar\u00eancia - Casa do Vov\u00f4 Salense","og_description":"Casa do Vov\u00f4 Salense - 2019 Plano-Trabalho-Estadual-e-FederalBaixar TERMO-DE-COLABORA\u00c7\u00c3O-MUNICIPALBaixar Estatuto Social Estatuto-SocialBaixar Plano de Trabalho Plano-de-Trabalho-4Baixar Plano-Trabalho-MunicipalBaixar Plano-Trabalho-Estadual-e-FederalBaixar Projeto Aquisi\u00e7\u00e3o Projeto-Aquisicao-EPIs-1Baixar Casa do Vov\u00f4 Salense - 2018 PLANO-DE-TRABALHO-ESTADUAL-E-FEDERALBaixar PLANO-DE-TRABALHO-MUNICIPAL-2Baixar TERMO-DE-COLABORA\u00c7\u00c3O-ESTADUAL-E-FEDERALBaixar TERMO-DE-COLABORA\u00c7\u00c3O-MUNICIPALBaixar Casa do Vov\u00f4 Salense - 2017 1\u00b0-ADITIVO-CASA-DO-VOV\u00d4_2017Baixar INEXIGIBILIDADE_ESTADUALBaixar INEXIGIBILIDADE_MUNICIPIOBaixar PALO-DE-TRABALHO_JANEIRO_2017-1Baixar PLANO-DE-TRABALHO-JULHO-DE-2017-1Baixar TERMO-COLABORA\u00c7\u00c3O-ESTADO_2017Baixar TERMO-DE-FOMENTO-CASA-DO-VOV\u00d4-SALENSE-01_2017Baixar TERMO-DE-FOMENTO-CASA-DO-VOV\u00d4-SALENSE-02_2017Baixar","og_url":"https:\/\/vovosalense.org.br\/?page_id=81","og_site_name":"Casa do Vov\u00f4 Salense","article_modified_time":"2022-08-30T18:48:19+00:00","twitter_card":"summary_large_image","schema":{"@context":"https:\/\/schema.org","@graph":[{"@type":"WebPage","@id":"https:\/\/vovosalense.org.br\/?page_id=81","url":"https:\/\/vovosalense.org.br\/?page_id=81","name":"Portal da Transpar\u00eancia - Casa do Vov\u00f4 Salense","isPartOf":{"@id":"https:\/\/vovosalense.org.br\/#website"},"datePublished":"2020-07-16T17:45:41+00:00","dateModified":"2022-08-30T18:48:19+00:00","breadcrumb":{"@id":"https:\/\/vovosalense.org.br\/?page_id=81#breadcrumb"},"inLanguage":"pt-BR","potentialAction":[{"@type":"ReadAction","target":["https:\/\/vovosalense.org.br\/?page_id=81"]}]},{"@type":"BreadcrumbList","@id":"https:\/\/vovosalense.org.br\/?page_id=81#breadcrumb","itemListElement":[{"@type":"ListItem","position":1,"name":"In\u00edcio","item":"https:\/\/vovosalense.org.br\/"},{"@type":"ListItem","position":2,"name":"Home","item":"https:\/\/vovosalense.org.br\/"},{"@type":"ListItem","position":3,"name":"Portal da Transpar\u00eancia"}]},{"@type":"WebSite","@id":"https:\/\/vovosalense.org.br\/#website","url":"https:\/\/vovosalense.org.br\/","name":"Casa do Vov\u00f4 Salense","description":"Just another WordPress site","potentialAction":[{"@type":"SearchAction","target":{"@type":"EntryPoint","urlTemplate":"https:\/\/vovosalense.org.br\/?s={search_term_string}"},"query-input":{"@type":"PropertyValueSpecification","valueRequired":true,"valueName":"search_term_string"}}],"inLanguage":"pt-BR"}]}},"_links":{"self":[{"href":"https:\/\/vovosalense.org.br\/index.php?rest_route=\/wp\/v2\/pages\/81","targetHints":{"allow":["GET"]}}],"collection":[{"href":"https:\/\/vovosalense.org.br\/index.php?rest_route=\/wp\/v2\/pages"}],"about":[{"href":"https:\/\/vovosalense.org.br\/index.php?rest_route=\/wp\/v2\/types\/page"}],"author":[{"embeddable":true,"href":"https:\/\/vovosalense.org.br\/index.php?rest_route=\/wp\/v2\/users\/2"}],"replies":[{"embeddable":true,"href":"https:\/\/vovosalense.org.br\/index.php?rest_route=%2Fwp%2Fv2%2Fcomments&post=81"}],"version-history":[{"count":2,"href":"https:\/\/vovosalense.org.br\/index.php?rest_route=\/wp\/v2\/pages\/81\/revisions"}],"predecessor-version":[{"id":247,"href":"https:\/\/vovosalense.org.br\/index.php?rest_route=\/wp\/v2\/pages\/81\/revisions\/247"}],"up":[{"embeddable":true,"href":"https:\/\/vovosalense.org.br\/index.php?rest_route=\/wp\/v2\/pages\/9"}],"wp:attachment":[{"href":"https:\/\/vovosalense.org.br\/index.php?rest_route=%2Fwp%2Fv2%2Fmedia&parent=81"}],"curies":[{"name":"wp","href":"https:\/\/api.w.org\/{rel}","templated":true}]}}